{"id":6241,"date":"2024-10-10T11:07:01","date_gmt":"2024-10-10T09:07:01","guid":{"rendered":"https:\/\/ville-outreau.fr\/mairie\/?page_id=6241"},"modified":"2026-04-15T10:28:04","modified_gmt":"2026-04-15T08:28:04","slug":"aides-financieres","status":"publish","type":"page","link":"https:\/\/ville-outreau.fr\/mairie\/aides-financieres\/","title":{"rendered":"Aides financi\u00e8res"},"content":{"rendered":"<h1><\/h1>\n<h1><\/h1>\n<h1><strong>Demande de subvention 2026 \u00e0 destination des associations<\/strong><\/h1>\n<p><a href=\"http:\/\/ville-outreau.fr\/mairie\/wp-content\/uploads\/2026\/04\/livret_subvention_1ere-demande.pdf\" target=\"_blank\" rel=\"noopener\">Cliquez ici pour t\u00e9l\u00e9charger le livret de subvention 1\u00e8re demande<\/a><\/p>\n<p><a href=\"http:\/\/ville-outreau.fr\/mairie\/wp-content\/uploads\/2026\/04\/livret_subvention_Exceptionnelle.pdf\" target=\"_blank\" rel=\"noopener\">Cliquez ici pour t\u00e9l\u00e9charger le livret de subvention exceptionnelle<\/a><\/p>\n<p><a href=\"http:\/\/ville-outreau.fr\/mairie\/wp-content\/uploads\/2026\/04\/livret_subvention_Fonctionnement.pdf\" target=\"_blank\" rel=\"noopener\">Cliquez ici pour t\u00e9l\u00e9charger le livret de subvention fonctionnement<\/a><\/p>\n<h1>&#8212;&#8212;&#8212;&#8212;&#8212;&#8212;&#8212;&#8212;&#8212;&#8212;&#8212;&#8212;&#8212;&#8212;&#8212;&#8212;&#8212;&#8212;&#8212;&#8212;&#8212;&#8212;<\/h1>\n<h1><img fetchpriority=\"high\" decoding=\"async\" class=\"alignnone wp-image-6250\" src=\"http:\/\/ville-outreau.fr\/mairie\/wp-content\/uploads\/2024\/10\/380876967_711546594339325_5381098178096462506_n-300x125.jpg\" alt=\"\" width=\"715\" height=\"298\" srcset=\"https:\/\/ville-outreau.fr\/mairie\/wp-content\/uploads\/2024\/10\/380876967_711546594339325_5381098178096462506_n-300x125.jpg 300w, https:\/\/ville-outreau.fr\/mairie\/wp-content\/uploads\/2024\/10\/380876967_711546594339325_5381098178096462506_n-1024x427.jpg 1024w, https:\/\/ville-outreau.fr\/mairie\/wp-content\/uploads\/2024\/10\/380876967_711546594339325_5381098178096462506_n-768x320.jpg 768w, https:\/\/ville-outreau.fr\/mairie\/wp-content\/uploads\/2024\/10\/380876967_711546594339325_5381098178096462506_n-1536x640.jpg 1536w, https:\/\/ville-outreau.fr\/mairie\/wp-content\/uploads\/2024\/10\/380876967_711546594339325_5381098178096462506_n-2048x853.jpg 2048w\" sizes=\"(max-width: 715px) 100vw, 715px\" \/><\/h1>\n<h1><strong>Aides aux \u00e9tudiants<\/strong><\/h1>\n<p><strong><span style=\"color: #ff0000;\"><a style=\"color: #ff0000;\" href=\"https:\/\/ville-outreau.fr\/mairie\/aideauxetudiants\/\" target=\"_blank\" rel=\"noopener\">Cliquez-ici : https:\/\/ville-outreau.fr\/mairie\/aideauxetudiants\/<\/a><\/span><\/strong><\/p>\n<h1>&#8212;&#8212;&#8212;&#8212;&#8212;&#8212;&#8212;&#8212;&#8212;&#8212;&#8212;&#8212;&#8212;&#8212;&#8212;&#8212;&#8212;&#8212;&#8212;&#8212;&#8212;&#8212;<\/h1>\n<h1><strong><span class=\"x193iq5w xeuugli x13faqbe x1vvkbs x1xmvt09 x1lliihq x1s928wv xhkezso x1gmr53x x1cpjm7i x1fgarty x1943h6x xudqn12 x3x7a5m x6prxxf xvq8zen xo1l8bm xzsf02u x1yc453h\" dir=\"auto\">Suite aux inondations survenues dans le Pas-de-Calais ces derniers mois, une nouvelle aide financi\u00e8re est mise en place par l\u2019Agence Nationale de l\u2019Habitat.<\/span><\/strong><\/h1>\n<p><a href=\"https:\/\/www.demarches-simplifiees.fr\/commencer\/guichet-unique-pas-de-calais-reconstruction?fbclid=IwY2xjawF0d_pleHRuA2FlbQIxMAABHUt25bsSIXaivjOful9cSKaiKVbNKSVnDI6EV5mD9zlxFw7FOZkkIhVxWw_aem_58tXfrNsSrgYoley6WWlDw\" target=\"_blank\" rel=\"noopener\"><span style=\"color: #ff0000;\"><strong>Cliquez ici<\/strong><\/span><\/a><\/p>\n<p><img decoding=\"async\" class=\"alignnone wp-image-6242\" src=\"http:\/\/ville-outreau.fr\/mairie\/wp-content\/uploads\/2024\/10\/Flyer_aides_ANAH_logements_inondes_VF-212x300.jpg\" alt=\"\" width=\"598\" height=\"846\" srcset=\"https:\/\/ville-outreau.fr\/mairie\/wp-content\/uploads\/2024\/10\/Flyer_aides_ANAH_logements_inondes_VF-212x300.jpg 212w, https:\/\/ville-outreau.fr\/mairie\/wp-content\/uploads\/2024\/10\/Flyer_aides_ANAH_logements_inondes_VF-724x1024.jpg 724w, https:\/\/ville-outreau.fr\/mairie\/wp-content\/uploads\/2024\/10\/Flyer_aides_ANAH_logements_inondes_VF.jpg 764w\" sizes=\"(max-width: 598px) 100vw, 598px\" \/><\/p>\n","protected":false},"excerpt":{"rendered":"<p>Demande de subvention 2026 \u00e0 destination des associations Cliquez ici pour t\u00e9l\u00e9charger le livret de subvention 1\u00e8re demande Cliquez ici pour t\u00e9l\u00e9charger le livret de subvention exceptionnelle Cliquez ici pour t\u00e9l\u00e9charger le livret de subvention fonctionnement &#8212;&#8212;&#8212;&#8212;&#8212;&#8212;&#8212;&#8212;&#8212;&#8212;&#8212;&#8212;&#8212;&#8212;&#8212;&#8212;&#8212;&#8212;&#8212;&#8212;&#8212;&#8212; Aides aux \u00e9tudiants Cliquez-ici : https:\/\/ville-outreau.fr\/mairie\/aideauxetudiants\/ &#8212;&#8212;&#8212;&#8212;&#8212;&#8212;&#8212;&#8212;&#8212;&#8212;&#8212;&#8212;&#8212;&#8212;&#8212;&#8212;&#8212;&#8212;&#8212;&#8212;&#8212;&#8212; Suite aux inondations survenues dans le Pas-de-Calais ces derniers mois, une [&hellip;]<\/p>\n","protected":false},"author":1,"featured_media":0,"parent":0,"menu_order":0,"comment_status":"closed","ping_status":"closed","template":"","meta":{"ocean_post_layout":"full-width","ocean_both_sidebars_style":"","ocean_both_sidebars_content_width":0,"ocean_both_sidebars_sidebars_width":0,"ocean_sidebar":"0","ocean_second_sidebar":"0","ocean_disable_margins":"enable","ocean_add_body_class":"","ocean_shortcode_before_top_bar":"","ocean_shortcode_after_top_bar":"","ocean_shortcode_before_header":"","ocean_shortcode_after_header":"","ocean_has_shortcode":"","ocean_shortcode_after_title":"","ocean_shortcode_before_footer_widgets":"","ocean_shortcode_after_footer_widgets":"","ocean_shortcode_before_footer_bottom":"","ocean_shortcode_after_footer_bottom":"","ocean_display_top_bar":"default","ocean_display_header":"default","ocean_header_style":"","ocean_center_header_left_menu":"0","ocean_custom_header_template":"0","ocean_custom_logo":0,"ocean_custom_retina_logo":0,"ocean_custom_logo_max_width":0,"ocean_custom_logo_tablet_max_width":0,"ocean_custom_logo_mobile_max_width":0,"ocean_custom_logo_max_height":0,"ocean_custom_logo_tablet_max_height":0,"ocean_custom_logo_mobile_max_height":0,"ocean_header_custom_menu":"0","ocean_menu_typo_font_family":"0","ocean_menu_typo_font_subset":"","ocean_menu_typo_font_size":0,"ocean_menu_typo_font_size_tablet":0,"ocean_menu_typo_font_size_mobile":0,"ocean_menu_typo_font_size_unit":"px","ocean_menu_typo_font_weight":"","ocean_menu_typo_font_weight_tablet":"","ocean_menu_typo_font_weight_mobile":"","ocean_menu_typo_transform":"","ocean_menu_typo_transform_tablet":"","ocean_menu_typo_transform_mobile":"","ocean_menu_typo_line_height":0,"ocean_menu_typo_line_height_tablet":0,"ocean_menu_typo_line_height_mobile":0,"ocean_menu_typo_line_height_unit":"","ocean_menu_typo_spacing":0,"ocean_menu_typo_spacing_tablet":0,"ocean_menu_typo_spacing_mobile":0,"ocean_menu_typo_spacing_unit":"","ocean_menu_link_color":"","ocean_menu_link_color_hover":"","ocean_menu_link_color_active":"","ocean_menu_link_background":"","ocean_menu_link_hover_background":"","ocean_menu_link_active_background":"","ocean_menu_social_links_bg":"","ocean_menu_social_hover_links_bg":"","ocean_menu_social_links_color":"","ocean_menu_social_hover_links_color":"","ocean_disable_title":"default","ocean_disable_heading":"default","ocean_post_title":"","ocean_post_subheading":"","ocean_post_title_style":"","ocean_post_title_background_color":"","ocean_post_title_background":0,"ocean_post_title_bg_image_position":"","ocean_post_title_bg_image_attachment":"","ocean_post_title_bg_image_repeat":"","ocean_post_title_bg_image_size":"","ocean_post_title_height":0,"ocean_post_title_bg_overlay":0.5,"ocean_post_title_bg_overlay_color":"","ocean_disable_breadcrumbs":"default","ocean_breadcrumbs_color":"","ocean_breadcrumbs_separator_color":"","ocean_breadcrumbs_links_color":"","ocean_breadcrumbs_links_hover_color":"","ocean_display_footer_widgets":"default","ocean_display_footer_bottom":"default","ocean_custom_footer_template":"0","footnotes":""},"class_list":["post-6241","page","type-page","status-publish","hentry","entry"],"_links":{"self":[{"href":"https:\/\/ville-outreau.fr\/mairie\/wp-json\/wp\/v2\/pages\/6241","targetHints":{"allow":["GET"]}}],"collection":[{"href":"https:\/\/ville-outreau.fr\/mairie\/wp-json\/wp\/v2\/pages"}],"about":[{"href":"https:\/\/ville-outreau.fr\/mairie\/wp-json\/wp\/v2\/types\/page"}],"author":[{"embeddable":true,"href":"https:\/\/ville-outreau.fr\/mairie\/wp-json\/wp\/v2\/users\/1"}],"replies":[{"embeddable":true,"href":"https:\/\/ville-outreau.fr\/mairie\/wp-json\/wp\/v2\/comments?post=6241"}],"version-history":[{"count":12,"href":"https:\/\/ville-outreau.fr\/mairie\/wp-json\/wp\/v2\/pages\/6241\/revisions"}],"predecessor-version":[{"id":6787,"href":"https:\/\/ville-outreau.fr\/mairie\/wp-json\/wp\/v2\/pages\/6241\/revisions\/6787"}],"wp:attachment":[{"href":"https:\/\/ville-outreau.fr\/mairie\/wp-json\/wp\/v2\/media?parent=6241"}],"curies":[{"name":"wp","href":"https:\/\/api.w.org\/{rel}","templated":true}]}}